{"id":8530,"date":"2021-10-22T18:04:39","date_gmt":"2021-10-22T15:04:39","guid":{"rendered":"https:\/\/www.ksttukku.fi\/kauppa\/?post_type=product&#038;p=8530"},"modified":"2021-10-22T18:04:39","modified_gmt":"2021-10-22T15:04:39","slug":"kupoli-riippuvalaisin-messinki-kattokupilla","status":"publish","type":"product","link":"https:\/\/www.ksttukku.fi\/kauppa\/tuote\/kupoli-riippuvalaisin-messinki-kattokupilla\/","title":{"rendered":"Kupoli riippuvalaisin messinki kattokupilla"},"content":{"rendered":"<p><a title=\"Yki Nummi\" href=\"https:\/\/innolux.myshopify.com\/pages\/yki-nummi\" target=\"_blank\" rel=\"noopener noreferrer\">Yki Nummen<\/a> vuonna 1960 suunnittelema yksinkertaisen tyylik\u00e4s Innolux Kupoli sopii monenlaiseen ymp\u00e4rist\u00f6\u00f6n. Kupolin valkoinen akryylikupu siivil\u00f6i valoa kauniisti. Kupolia saa joko messingin tai hopean v\u00e4risell\u00e4 kartiokupilla. Tuoteperheess\u00e4 on lis\u00e4ksi lattia- ja p\u00f6yt\u00e4valaisin.<\/p>\n","protected":false},"excerpt":{"rendered":"<p>Yki Nummen vuonna 1960 suunnittelema yksinkertaisen tyylik\u00e4s Innolux Kupoli sopii monenlaiseen ymp\u00e4rist\u00f6\u00f6n. Kupolin valkoinen akryylikupu siivil\u00f6i valoa kauniisti. Kupolia saa joko messingin tai hopean v\u00e4risell\u00e4 kartiokupilla. Tuoteperheess\u00e4 on lis\u00e4ksi lattia- ja p\u00f6yt\u00e4valaisin.<\/p>\n","protected":false},"featured_media":8531,"comment_status":"closed","ping_status":"closed","template":"","meta":[],"product_brand":[],"product_cat":[49,35,34],"product_tag":[],"class_list":{"0":"post-8530","1":"product","2":"type-product","3":"status-publish","4":"has-post-thumbnail","6":"product_cat-riippuvalaisimet","7":"product_cat-sisavalaisimet","8":"product_cat-valaisimet","10":"first","11":"instock","12":"taxable","13":"shipping-taxable","14":"purchasable","15":"product-type-simple"},"_links":{"self":[{"href":"https:\/\/www.ksttukku.fi\/kauppa\/wp-json\/wp\/v2\/product\/8530","targetHints":{"allow":["GET"]}}],"collection":[{"href":"https:\/\/www.ksttukku.fi\/kauppa\/wp-json\/wp\/v2\/product"}],"about":[{"href":"https:\/\/www.ksttukku.fi\/kauppa\/wp-json\/wp\/v2\/types\/product"}],"replies":[{"embeddable":true,"href":"https:\/\/www.ksttukku.fi\/kauppa\/wp-json\/wp\/v2\/comments?post=8530"}],"wp:featuredmedia":[{"embeddable":true,"href":"https:\/\/www.ksttukku.fi\/kauppa\/wp-json\/wp\/v2\/media\/8531"}],"wp:attachment":[{"href":"https:\/\/www.ksttukku.fi\/kauppa\/wp-json\/wp\/v2\/media?parent=8530"}],"wp:term":[{"taxonomy":"product_brand","embeddable":true,"href":"https:\/\/www.ksttukku.fi\/kauppa\/wp-json\/wp\/v2\/product_brand?post=8530"},{"taxonomy":"product_cat","embeddable":true,"href":"https:\/\/www.ksttukku.fi\/kauppa\/wp-json\/wp\/v2\/product_cat?post=8530"},{"taxonomy":"product_tag","embeddable":true,"href":"https:\/\/www.ksttukku.fi\/kauppa\/wp-json\/wp\/v2\/product_tag?post=8530"}],"curies":[{"name":"wp","href":"https:\/\/api.w.org\/{rel}","templated":true}]}}