{"id":8725,"date":"2021-11-05T18:20:43","date_gmt":"2021-11-05T16:20:43","guid":{"rendered":"https:\/\/www.ksttukku.fi\/kauppa\/?post_type=product&#038;p=8725"},"modified":"2021-11-05T18:21:51","modified_gmt":"2021-11-05T16:21:51","slug":"roller-koriteline-sivut-840mm-valkoinen","status":"publish","type":"product","link":"https:\/\/www.ksttukku.fi\/kauppa\/tuote\/roller-koriteline-sivut-840mm-valkoinen\/","title":{"rendered":"Roller koritelineen sivut 840mm valkoinen"},"content":{"rendered":"<p>Rollerin valkoisen 500mm syv\u00e4n koritelineen sivut korkeus 840mm. Sivukehikossa nelj\u00e4t soft roll rullakiskot. Sopii esim. 4 matalalle tai 2 korkealle korille. Poikittaistuet M40-M50-M60 tilattava erikseen. Koritelineess\u00e4 k\u00e4ytet\u00e4\u00e4n Roller koreja, kenk\u00e4hyllyj\u00e4 ja housutelineit\u00e4, syvyys 500 mm.<\/p>\n","protected":false},"excerpt":{"rendered":"<p>Rollerin valkoisen 500mm syv\u00e4n koritelineen sivut korkeus 840mm. Sivukehikossa nelj\u00e4t soft roll rullakiskot. Sopii esim. 4 matalalle tai 2 korkealle korille. Poikittaistuet M40-M50-M60 tilattava erikseen. Koritelineess\u00e4 k\u00e4ytet\u00e4\u00e4n Roller koreja, kenk\u00e4hyllyj\u00e4 ja housutelineit\u00e4, syvyys 500 mm.<\/p>\n","protected":false},"featured_media":8726,"comment_status":"closed","ping_status":"closed","template":"","meta":[],"product_brand":[],"product_cat":[462,460],"product_tag":[],"class_list":{"0":"post-8725","1":"product","2":"type-product","3":"status-publish","4":"has-post-thumbnail","6":"product_cat-roller-rullakiskokorit","7":"product_cat-sailytysjarjestelmat","9":"first","10":"instock","11":"taxable","12":"shipping-taxable","13":"purchasable","14":"product-type-simple"},"_links":{"self":[{"href":"https:\/\/www.ksttukku.fi\/kauppa\/wp-json\/wp\/v2\/product\/8725","targetHints":{"allow":["GET"]}}],"collection":[{"href":"https:\/\/www.ksttukku.fi\/kauppa\/wp-json\/wp\/v2\/product"}],"about":[{"href":"https:\/\/www.ksttukku.fi\/kauppa\/wp-json\/wp\/v2\/types\/product"}],"replies":[{"embeddable":true,"href":"https:\/\/www.ksttukku.fi\/kauppa\/wp-json\/wp\/v2\/comments?post=8725"}],"wp:featuredmedia":[{"embeddable":true,"href":"https:\/\/www.ksttukku.fi\/kauppa\/wp-json\/wp\/v2\/media\/8726"}],"wp:attachment":[{"href":"https:\/\/www.ksttukku.fi\/kauppa\/wp-json\/wp\/v2\/media?parent=8725"}],"wp:term":[{"taxonomy":"product_brand","embeddable":true,"href":"https:\/\/www.ksttukku.fi\/kauppa\/wp-json\/wp\/v2\/product_brand?post=8725"},{"taxonomy":"product_cat","embeddable":true,"href":"https:\/\/www.ksttukku.fi\/kauppa\/wp-json\/wp\/v2\/product_cat?post=8725"},{"taxonomy":"product_tag","embeddable":true,"href":"https:\/\/www.ksttukku.fi\/kauppa\/wp-json\/wp\/v2\/product_tag?post=8725"}],"curies":[{"name":"wp","href":"https:\/\/api.w.org\/{rel}","templated":true}]}}