{"id":8919,"date":"2021-12-08T17:21:11","date_gmt":"2021-12-08T15:21:11","guid":{"rendered":"https:\/\/www.ksttukku.fi\/kauppa\/?post_type=product&#038;p=8919"},"modified":"2025-09-01T16:29:40","modified_gmt":"2025-09-01T13:29:40","slug":"kst-ladattava-otsavalo-20w-2000lm","status":"publish","type":"product","link":"https:\/\/www.ksttukku.fi\/kauppa\/tuote\/kst-ladattava-otsavalo-20w-2000lm\/","title":{"rendered":"KST ladattava otsavalo 1900lm"},"content":{"rendered":"<p align=\"left\">LED tyyppi: P70<\/p>\n<p align=\"left\">Akut: 2 x Lithium 18650 3,7V 2200 mAh<\/p>\n<p align=\"left\">Lataustapa: Micro USB<\/p>\n<p align=\"left\">Latausaika: 5 \u2013 7 h<\/p>\n<p align=\"left\">K\u00e4ytt\u00f6aika: noin 4 t\u00e4ydell\u00e4 teholla<\/p>\n<p align=\"left\">Valovirta: 1900 lm<\/p>\n<p align=\"left\">Valokeilan pituus: 250 m<\/p>\n<p align=\"left\">Toiminnot: 100% \u2013 50% \u2013 vilkkuva + zoom<\/p>\n<p align=\"left\">S\u00e4\u00e4dett\u00e4v\u00e4 valokeila (zoom)<\/p>\n<p align=\"left\">Mitat halkaisija: 43 mm, rungon pituus: 65 mm<\/p>\n<p align=\"left\">Materiaali: Alumiini<\/p>\n<p align=\"left\">V\u00e4ri: Musta<\/p>\n<p align=\"left\">Micro USB kaapeli 50 cm<\/p>\n","protected":false},"excerpt":{"rendered":"<p>LED tyyppi: P70 Akut: 2 x Lithium 18650 3,7V 2200 mAh Lataustapa: Micro USB Latausaika: 5 \u2013 7 h K\u00e4ytt\u00f6aika: noin 4 t\u00e4ydell\u00e4 teholla Valovirta: 1900 lm Valokeilan pituus: 250 m Toiminnot: 100% \u2013 50% \u2013 vilkkuva + zoom S\u00e4\u00e4dett\u00e4v\u00e4 valokeila (zoom) Mitat halkaisija: 43 mm, rungon pituus: 65 mm Materiaali: Alumiini V\u00e4ri: Musta Micro [&hellip;]<\/p>\n","protected":false},"featured_media":8922,"comment_status":"closed","ping_status":"closed","template":"","meta":[],"product_brand":[],"product_cat":[311,57],"product_tag":[],"class_list":{"0":"post-8919","1":"product","2":"type-product","3":"status-publish","4":"has-post-thumbnail","6":"product_cat-otsavalot","7":"product_cat-retkeily","9":"first","10":"instock","11":"taxable","12":"shipping-taxable","13":"purchasable","14":"product-type-simple"},"_links":{"self":[{"href":"https:\/\/www.ksttukku.fi\/kauppa\/wp-json\/wp\/v2\/product\/8919","targetHints":{"allow":["GET"]}}],"collection":[{"href":"https:\/\/www.ksttukku.fi\/kauppa\/wp-json\/wp\/v2\/product"}],"about":[{"href":"https:\/\/www.ksttukku.fi\/kauppa\/wp-json\/wp\/v2\/types\/product"}],"replies":[{"embeddable":true,"href":"https:\/\/www.ksttukku.fi\/kauppa\/wp-json\/wp\/v2\/comments?post=8919"}],"wp:featuredmedia":[{"embeddable":true,"href":"https:\/\/www.ksttukku.fi\/kauppa\/wp-json\/wp\/v2\/media\/8922"}],"wp:attachment":[{"href":"https:\/\/www.ksttukku.fi\/kauppa\/wp-json\/wp\/v2\/media?parent=8919"}],"wp:term":[{"taxonomy":"product_brand","embeddable":true,"href":"https:\/\/www.ksttukku.fi\/kauppa\/wp-json\/wp\/v2\/product_brand?post=8919"},{"taxonomy":"product_cat","embeddable":true,"href":"https:\/\/www.ksttukku.fi\/kauppa\/wp-json\/wp\/v2\/product_cat?post=8919"},{"taxonomy":"product_tag","embeddable":true,"href":"https:\/\/www.ksttukku.fi\/kauppa\/wp-json\/wp\/v2\/product_tag?post=8919"}],"curies":[{"name":"wp","href":"https:\/\/api.w.org\/{rel}","templated":true}]}}