{"id":9950,"date":"2022-05-19T17:16:03","date_gmt":"2022-05-19T14:16:03","guid":{"rendered":"https:\/\/www.ksttukku.fi\/kauppa\/?post_type=product&#038;p=9950"},"modified":"2024-02-22T10:45:01","modified_gmt":"2024-02-22T08:45:01","slug":"rullaverho-valkoinen-marmori-200cmx170cm","status":"publish","type":"product","link":"https:\/\/www.ksttukku.fi\/kauppa\/tuote\/rullaverho-valkoinen-marmori-200cmx170cm\/","title":{"rendered":"Rullaverho valkoinen marmori 200cmx170cm"},"content":{"rendered":"<p data-sanitized-data-mce-fragment=\"1\">Rullakaihtimet on valmistettu laadukkaista kangaista ja Presto -mekanismi on vahva sivus\u00e4\u00e4t\u00f6mekansimi.<\/p>\n<ul data-sanitized-data-mce-fragment=\"1\">\n<li data-sanitized-data-mce-fragment=\"1\">vakiokorkeus 170 cm, korkeus putken yl\u00e4reunasta alalistaan (kierros kangasta j\u00e4\u00e4t\u00e4v\u00e4 putken ymp\u00e4rille)<\/li>\n<li data-sanitized-data-mce-fragment=\"1\">leveydet:\u00a0 mitat kankaan leveyksi\u00e4, kokonaisleveys + 5 cm<\/li>\n<li data-sanitized-data-mce-fragment=\"1\">putken paksuus 25-36 mm leveydest\u00e4 riippuen<\/li>\n<li data-sanitized-data-mce-fragment=\"1\">kangas polyesteri\u00e4<\/li>\n<li data-sanitized-data-mce-fragment=\"1\">laadukas PRESTO -sivus\u00e4\u00e4t\u00f6mekanismi (valkoinen)<\/li>\n<li data-sanitized-data-mce-fragment=\"1\">metallinen, ovaalinmuotoinen alalista viimeistelee kaihtimen<\/li>\n<li data-sanitized-data-mce-fragment=\"1\">voidaan kaventaa kotikonstein<\/li>\n<li data-sanitized-data-mce-fragment=\"1\">Rullakaihtimet on valmistettu laadukkaista kangaista ja Presto -mekanismi on vahva sivus\u00e4\u00e4t\u00f6mekansimi<\/li>\n<li data-sanitized-data-mce-fragment=\"1\">HUOM! Rullakaihdinta ei saa vet\u00e4\u00e4 ilmoitettua korkeutta alemmas \u2013 se voi aiheuttaa kankaan irtoamisen putkesta. Kangasta on j\u00e4\u00e4t\u00e4v\u00e4 v\u00e4hint\u00e4\u00e4n yksi t\u00e4ysi kierros putken ymp\u00e4rille, kun verhon on laskettu alas. Kankaan irrotessa v\u00e4\u00e4r\u00e4n k\u00e4yt\u00f6n seurauksena valmistaja ei vastaa vahingosta.<\/li>\n<\/ul>\n","protected":false},"excerpt":{"rendered":"<p>Rullakaihtimet on valmistettu laadukkaista kangaista ja Presto -mekanismi on vahva sivus\u00e4\u00e4t\u00f6mekansimi. vakiokorkeus 170 cm, korkeus putken yl\u00e4reunasta alalistaan (kierros kangasta j\u00e4\u00e4t\u00e4v\u00e4 putken ymp\u00e4rille) leveydet:\u00a0 mitat kankaan leveyksi\u00e4, kokonaisleveys + 5 cm putken paksuus 25-36 mm leveydest\u00e4 riippuen kangas polyesteri\u00e4 laadukas PRESTO -sivus\u00e4\u00e4t\u00f6mekanismi (valkoinen) metallinen, ovaalinmuotoinen alalista viimeistelee kaihtimen voidaan kaventaa kotikonstein Rullakaihtimet on valmistettu laadukkaista [&hellip;]<\/p>\n","protected":false},"featured_media":9940,"comment_status":"closed","ping_status":"closed","template":"","meta":[],"product_brand":[],"product_cat":[104,111,477,112],"product_tag":[],"class_list":{"0":"post-9950","1":"product","2":"type-product","3":"status-publish","4":"has-post-thumbnail","6":"product_cat-kaihtimet-ja-verhotangot","7":"product_cat-pimennyskaihdin","8":"product_cat-rulla-ja-salekaihtimet-2","9":"product_cat-rullakaihdin","11":"first","12":"instock","13":"taxable","14":"shipping-taxable","15":"purchasable","16":"product-type-simple"},"_links":{"self":[{"href":"https:\/\/www.ksttukku.fi\/kauppa\/wp-json\/wp\/v2\/product\/9950","targetHints":{"allow":["GET"]}}],"collection":[{"href":"https:\/\/www.ksttukku.fi\/kauppa\/wp-json\/wp\/v2\/product"}],"about":[{"href":"https:\/\/www.ksttukku.fi\/kauppa\/wp-json\/wp\/v2\/types\/product"}],"replies":[{"embeddable":true,"href":"https:\/\/www.ksttukku.fi\/kauppa\/wp-json\/wp\/v2\/comments?post=9950"}],"wp:featuredmedia":[{"embeddable":true,"href":"https:\/\/www.ksttukku.fi\/kauppa\/wp-json\/wp\/v2\/media\/9940"}],"wp:attachment":[{"href":"https:\/\/www.ksttukku.fi\/kauppa\/wp-json\/wp\/v2\/media?parent=9950"}],"wp:term":[{"taxonomy":"product_brand","embeddable":true,"href":"https:\/\/www.ksttukku.fi\/kauppa\/wp-json\/wp\/v2\/product_brand?post=9950"},{"taxonomy":"product_cat","embeddable":true,"href":"https:\/\/www.ksttukku.fi\/kauppa\/wp-json\/wp\/v2\/product_cat?post=9950"},{"taxonomy":"product_tag","embeddable":true,"href":"https:\/\/www.ksttukku.fi\/kauppa\/wp-json\/wp\/v2\/product_tag?post=9950"}],"curies":[{"name":"wp","href":"https:\/\/api.w.org\/{rel}","templated":true}]}}